se 11, what is 6a704 + 17?
6a720
In base 4, what is 1322 - 31?
1231
In base 9, what is -47205 - -3?
-47202
In base 2, what is -10111 + 1111111?
1101000
In base 10, what is 8 + -26135?
-26127
In base 11, what is 23625 + 0?
23625
In base 9, what is 1 - -15457?
15458
In base 9, what is 30 + -5301?
-5261
In base 4, what is -312 + -2023102?
-2030020
In base 14, what is 10003 - -6?
10009
In base 7, what is -206462 + 1?
-206461
In base 6, what is 105044 - -3?
105051
In base 14, what is c0 + -35?
89
In base 2, what is 10 - 1100100100110010?
-1100100100110000
In base 9, what is 7 - -115431?
115438
In base 3, what is -10220 - -12102?
1112
In base 8, what is -144 - -6?
-136
In base 15, what is b73 - -2d5?
e58
In base 12, what is -3b9 - 53?
-450
In base 2, what is 101001100010011011 + 0?
101001100010011011
In base 14, what is -61d81 + -8?
-61d89
In base 15, what is -9 - -6300?
62e6
In base 7, what is -1514365 + -4?
-1514402
In base 14, what is 2a4104 - 3?
2a4101
In base 14, what is -2d - -32c?
2dd
In base 12, what is 20590 + 13?
205a3
In base 8, what is 1 - 53125?
-53124
In base 13, what is -4768 + 87?
-46b1
In base 3, what is -11 - 1002220202?
-1002220220
In base 7, what is 2533214 - 0?
2533214
In base 13, what is -1620 + -4b3?
-1b03
In base 10, what is -131 - -4515?
4384
In base 11, what is 11 + -614?
-603
In base 11, what is 146 + 231?
377
In base 12, what is 2531 + -14?
2519
In base 3, what is -2 + -10121100212?
-10121100221
In base 2, what is 1011 - 10100100111000?
-10100100101101
In base 6, what is -15 + -2331032?
-2331051
In base 6, what is 4130 - -14?
4144
In base 14, what is d + 175b?
176a
In base 7, what is 30 + 412402?
412432
In base 13, what is -98 + -20b?
-2a6
In base 14, what is 1 - -4ca1?
4ca2
In base 5, what is 3 - 433422?
-433414
In base 5, what is 30 + 42431?
43011
In base 9, what is -16231 + -46?
-16277
In base 6, what is -220541 + 10?
-220531
In base 2, what is 1011011011 + -1010?
1011010001
In base 5, what is 24330 - -32?
24412
In base 14, what is 1 - -1d9c4?
1d9c5
In base 10, what is 4556895 + -2?
4556893
In base 14, what is 1137 - 0?
1137
In base 12, what is 31a - 48?
292
In base 3, what is 2111111012 - -20?
2111111102
In base 10, what is 706 + 671?
1377
In base 7, what is 1516 + 21?
1540
In base 9, what is 82 - -45?
137
In base 16, what is 1e0d + 4?
1e11
In base 5, what is 402 + -24332?
-23430
In base 6, what is -55 + 3045?
2550
In base 8, what is -3 - 254760?
-254763
In base 8, what is -123 - -4667?
4544
In base 15, what is -eaebb - 2?
-eaebd
In base 15, what is -3b45 + -4?
-3b49
In base 9, what is -3 - -78801?
78787
In base 10, what is 219 - 50?
169
In base 5, what is -234041 - -2044?
-231442
In base 14, what is 88 - 157?
-ad
In base 3, what is 22011 - 12110011?
-12011000
In base 12, what is -4 - 827312?
-827316
In base 10, what is 298139 - -7?
298146
In base 4, what is 1020 - -102331?
110011
In base 16, what is 35 - 5a68?
-5a33
In base 7, what is 14 - 23141?
-23124
In base 9, what is -1173 - -568?
-504
In base 4, what is 30233321 + 1?
30233322
In base 15, what is -22d + -14a9?
-16d7
In base 3, what is -11122202 + -21?
-11200000
In base 14, what is -4a9 + 3?
-4a6
In base 3, what is 212022 - -2212?
222011
In base 6, what is -51204 + 2?
-51202
In base 14, what is -10d - -300?
1d1
In base 13, what is -1 + 12b89?
12b88
In base 10, what is -30258 - -45?
-30213
In base 6, what is -145044013 - -2?
-145044011
In base 3, what is 11021 - 10001112?
-2220021
In base 11, what is 330 - -22?
352
In base 15, what is 3 + 247a?
247d
In base 11, what is -2 + -16a6a?
-16a71
In base 10, what is 65 + 13?
78
In base 12, what is 23 - 4978?
-4955
In base 9, what is -4 - -17571?
17566
In base 8, what is 4020 + -347?
3451
In base 15, what is -7 + -49c88?
-49c90
In base 2, what is 10001111101111001 + 1010?
10001111110000011
In base 16, what is -36d2 + 1a?
-36b8
In base 2, what is 110111111100001 - 11?
110111111011110
In base 6, what is -1 - -3514040?
3514035
In base 12, what is -195b5 + -7?
-19600
In base 6, what is -304 - -330?
22
In base 16, what is 22a - 31?
1f9
In base 15, what is -448 - d?
-456
In base 2, what is -1100000111110001 + -111?
-1100000111111000
In base 14, what is -c7 - -63?
-64
In base 16, what is 37a4 - 40?
3764
In base 3, what is 1221011220211 - 0?
1221011220211
In base 9, what is 78 + 5500?
5578
In base 13, what is 2 - -330bc?
330c1
In base 13, what is 1 + 44aa17?
44aa18
In base 2, what is -11010101 + -110101?
-100001010
In base 8, what is -213761 - 1?
-213762
In base 13, what is -1 + -31066?
-31067
In base 7, what is -10655 - 326?
-11314
In base 6, what is -1153232034 - -1?
-1153232033
In base 6, what is 25 + -111213?
-111144
In base 7, what is 403 + 24061?
24464
In base 7, what is -5 - 20332351?
-20332356
In base 13, what is -c0 - -1aa7?
19b7
In base 6, what is 25503 + -5?
25454
In base 2, what is 11001101 + 110010?
11111111
In base 11, what is -5 - 1078a7?
-107901
In base 14, what is 2 - -192ca3?
192ca5
In base 5, what is -143443 - -3?
-143440
In base 10, what is -2 + -158217?
-158219
In base 13, what is 4 + -445a13?
-445a0c
In base 3, what is 1000 + 21202?
22202
In base 2, what is 10 - -101000110001000?
101000110001010
In base 3, what is 102020 + 22?
102112
In base 12, what is -3424 + -17?
-343b
In base 5, what is 3243 + -1241?
2002
In base 5, what is 4040423 + -3?
4040420
In base 11, what is 5540 - -4?
5544
In base 2, what is -1000001101 - -1110100?
-110011001
In base 14, what is -25 + -13?
-38
In base 3, what is 2 - -1021222000?
1021222002
In base 11, what is -6764 + -32?
-6796
In base 16, what is 1 - -60eb?
60ec
In base 12, what is 9 - -807?
814
In base 15, what is -3 - 139b7b?
-139b7e
In base 15, what is c + -1128?
-111b
In base 4, what is 3 + 1220032?
1220101
In base 8, what is -163 + -51764?
-52147
In base 12, what is 8 + -34141?
-34135
In base 3, what is -10002102010 + 11?
-10002101222
In base 6, what is 413353 - 20?
413333
In base 13, what is -3b72 + -35?
-3ba7
In base 9, what is 12 + -40111?
-40088
In base 5, what is -201314 - 23?
-201342
In base 5, what is 111 - -2403030?
2403141
In base 10, what is 1556 + 2?
1558
In base 16, what is 2e0 + -c?
2d4
In base 14, what is -795 + 149?
-64a
In base 10, what is 66 + -22801?
-22735
In base 14, what is -2a8c + 3?
-2a89
In base 10, what is -5 + -3058?
-3063
In base 11, what is 3221 + -1a6?
3026
In base 14, what is 14b4 + -42?
1472
In base 14, what is -d + -1dbc?
-1dcb
In base 2, what is 101000110000110 + 110110?
101000110111100
In base 8, what is 133210 + -2?
133206
In base 6, what is -230 - 43030?
-43300
In base 5, what is 10441 + 13123?
24114
In base 16, what is -a68 + -54?
-abc
In base 10, what is -69107 + 1?
-69106
In base 6, what is -3 - 21311102?
-21311105
In base 9, what is 4 + -434463?
-434458
In base 15, what is 57 + 5c0?
627
In base 2, what is -1 - 10000111111011000110?
-10000111111011000111
In base 5, what is 14131220 + -21?
14131144
In base 13, what is -3 - 73206?
-73209
In base 2, what is 11010111 + -1111000?
1011111
In base 11, what is -44 - 998?
-a31
In base 14, what is 5 + cd9?
d00
In base 6, what is -123510 + 25?
-123441
In base 9, what is 127 + 282?
420
In base 2, what is 1 + -1000111011101110?
-1000111011101101
In base 7, what is 5 - -1166452?
1166460
In base 8, what is -11053 - 21?
-11074
In base 13, what is 29b + a99?
1067
In base 2, what is -11001110011000001 + 11?
-11001110010111110
In base 16, what is -40 - -b?
-35
In base 7, what is -35442 + 5?
-35434
In base 6, what is -5130 - -10403?
1233
In base 5, what is -14124 + 0?
-14124
In base 16, what is 121 + -18?
109
In base 12, what is -2a7280 + -5?
-2a7285
In base 2, what is -100001000000111 + 101?
-100001000000010
In base 2, what is 10 - 11000001110101?
-11000001110011
In base 12, what is -39b9 - -16?
-39a3
In base 4, what is -3 - -333212131?
333212122
In base 11, what is -15 + -1743?
-1758
In base 3, what is 10022 + 22222022?
100002121
In base 8, what is -5 + -142713?
-142720
In base 9, what is -31477 + 50?
-31427
In base 4, what is -2 + 3100021?
3100013
In base 11, what is -26 + 353?
328
In base 14, what is -2b + 6423?
63d6
In base 5, what is -3 + 1204120?
1204112
In base 5, what is -111 - 110142?
-110303
In base 8, what is 1430560 + -4?
1430554
In base 2, what is -100111001110110110 + -11100?
-100111001